 the prime factors of n(-4).
17
Let i(d) = -d - 2. Let t be i(-2). Suppose -2*x - x + 18 = t. List the prime factors of x.
2, 3
Let a be (-3 - -7)*1 + -1. Let g be ((-2)/(-6))/(a/18). Suppose 0 = -g*z + 10 + 6. What are the prime factors of z?
2
Suppose 2*r + 13 - 141 = 0. What are the prime factors of r?
2
Let q(o) = -2*o**2 - 12*o + 11. Let x be q(-9). Let y = x + 66. List the prime factors of y.
23
Suppose -6 + 18 = -3*j. Let k be 1/(-2)*(j + -4). Suppose -54 - 6 = -k*z. What are the prime factors of z?
3, 5
Let p(x) = 2*x**2 + 23*x + 15. Let b(l) = -l**2 - 12*l - 8. Let y(s) = -11*b(s) - 6*p(s). Let v be y(-5). Let w = 0 + v. List the prime factors of w.
3
Let r = 120 - 15. What are the prime factors of r?
3, 5, 7
Let f(c) = -c**2 - 5*c + 2. Let q be f(-4). What are the prime factors of ((-8)/6)/((-2)/q)?
2
Let z(d) = -d - 3. Let o be z(-4). List the prime factors of o + -3 + 0 + 6.
2
Let h = 9 - 13. Let u(a) = -a + 4. What are the prime factors of u(h)?
2
Let d = -15 - -25. Let l(v) = -d + 6*v + 0*v**2 - 3 + 5*v - v**2. List the prime factors of l(9).
5
Suppose 9 = -4*z + 1. List the prime factors of -1 + (-12)/(z - -1).
11
Suppose -2*u - 5*d = -79 - 19, 2*d + 49 = u. What are the prime factors of u?
7
Let z(y) = 34*y - 10. List the prime factors of z(7).
2, 3, 19
Suppose l + 95 = 2*l. Suppose -5*a - l = 15. Let g = a + 35. List the prime factors of g.
13
Suppose -4 = 2*f - 6*f. Let b be 6 + f + (-2)/2. What are the prime factors of ((-21)/b)/(2/(-4))?
7
Let q(b) = -4 + 2*b - 3*b**2 + 3*b**2 + 2*b + 3*b**2. What are the prime factors of q(3)?
5, 7
Let t(h) = 2*h**3 + 2*h**2 - 2*h + 1. Suppose -5*c + 0*c + 2*k + 5 = 0, 4*c = 4*k + 4. Let y be t(c). Let m = 8 - y. What are the prime factors of m?
5
Suppose 0*n + 2*n = 54. List the prime factors of n.
3
Suppose -4*f + 30 = f. List the prime factors of f.
2, 3
Let k = 314 + -180. Suppose -5*n + 2*n + 4*r + k = 0, 5*r = 5*n - 215. What are the prime factors of n?
2, 19
Let n = -26 - -38. List the prime factors of n.
2, 3
Suppose 4*n = -3*u + 47 + 73, 5*n + 3*u - 153 = 0. What are the prime factors of n?
3, 11
Let x be 9/18*(-1 - -1). Suppose 0 = -x*a - 4*a. List the prime factors of 1 + 15 - (-2 - a).
2, 3
Let k(i) = 361*i**3 + 2*i**2 - 4*i + 2. List the prime factors of k(1).
19
Let c be 4/6 + (-104)/12. What are the prime factors of (c/(-2))/2 + 17?
19
Suppose -4*g + m - 5 = -39, 26 = 2*g + 4*m. Let z(o) = -o**3 + 8*o**2 + 10*o - 1. Let x be z(g). Let h = x + -5. List the prime factors of h.
3
Let i be 1/(27/13 - 2). List the prime factors of (i - 2) + (4 - 1).
2, 7
Let n(d) = -d**3 + 3*d**2 - d + 2. Let f be (-1)/1*12/(-3). Let g be n(f). Let t = 30 + g. List the prime factors of t.
2, 3
Let r be (1 - 7*-1) + 2. Suppose r = i + i. Suppose -w + 5*w + 25 = k, 0 = 5*k + i*w. List the prime factors of k.
5
Suppose 2*b = s - 11, -3*s - 2*b = s - 34. Suppose -j + 18 = -q, -5*j + 51 = q - s. List the prime factors of j.
13
Let f(i) = 2 + 1 - 5 - 2 - 6*i. What are the prime factors of f(-4)?
2, 5
Suppose 137 + 52 = 7*h. What are the prime factors of h?
3
Let w(q) = -3*q**2 + 3 - 4*q + 5*q**2 + q. List the prime factors of w(2).
5
Let x = 7 + -3. Suppose 36 = x*w - w. List the prime factors of w.
2, 3
Let h be (12 - 1)*(-5)/(-5). Suppose -o + h = -0*o. What are the prime factors of o?
11
Let s be (-6)/(-4) + 603/6. Suppose s = 3*r - r. What are the prime factors of r?
3, 17
Let r be (2/3)/((-2)/(-3)). Let z(i) = -i - 1. Let f(l) = 2*l + 10. Let c(w) = r*z(w) + f(w). What are the prime factors of c(7)?
2
Suppose c = -3*r - 3*c + 236, 4*c = 20. What are the prime factors of r?
2, 3
Let w(y) = -y**3 + 2*y**2 + 2*y - 2. Let l be w(2). Suppose l*k + k = 6. List the prime factors of 2 - (-1 + k + -1).
2
Let v = 10 + -4. Suppose -5*x + 5*s = -35, v*s + 22 = x + 2*s. Suppose d = -x*d + 27. List the prime factors of d.
3
Let x(c) = c**3 + 12*c**2 - 17*c - 20. What are the prime factors of x(-12)?
2, 23
Suppose 3*w + 721 = 4*j - 2*w, -3*w = -2*j + 359. What are the prime factors of j?
2, 23
Suppose n + 3*n - 24 = 0. Let k = n + -7. What are the prime factors of (-2 - k) + 6 + 4?
3
Suppose -4*y = -3*x - 0*x + 16, 4*x + y = 53. Suppose -x*n - 84 = -15*n. What are the prime factors of n?
2, 7
Let l = 285 - 161. What are the prime factors of l?
2, 31
Let q = 8 - 0. What are the prime factors of q?
2
Let x(r) = 2*r**2 - 3*r + 6. Let m be x(6). Let c = -19 + m. What are the prime factors of c?
41
Suppose 2*h + 2*b + 2 = 0, 6*h - 2*h = b - 29. Let c = h - -11. List the prime factors of c.
5
Let t be (-2)/7*(-21)/3. Let s = -3 + t. What are the prime factors of ((-7)/2)/(s/2)?
7
Let z(j) = -3*j + 3*j**2 - 4*j**2 - 6 + 2*j**2. Let q be z(5). Suppose q*y = -y + 25. List the prime factors of y.
5
Let l = -20 - 11. Let i = -22 - l. What are the prime factors of i?
3
Let o = 33 + -12. What are the prime factors of o?
3, 7
Suppose -3*d - 2*d + 70 = 0. Let g = d - -2. List the prime factors of g.
2
Suppose 3*g = 8*g - 80. Suppose -3*o + g + 5 = 0. What are the prime factors of o?
7
Let t = 9 + 42. Suppose -t = -3*a - 2*o, -3*a + 3*o = -14 - 22. What are the prime factors of a?
3, 5
Let a(c) = -17*c - 2. Suppose -5*m - 5 = -5*p, -4*m + m = 3*p + 15. List the prime factors of a(p).
2
Suppose 2*k - 5*k + 30 = 0. What are the prime factors of 1/5 + 38/k?
2
Let l(y) = -2*y + 3. Let s be l(-11). Let v = 35 - s. What are the prime factors of v?
2, 5
Let d(h) = -1. Let u(v) = -v + 4. Let i(n) = -2*d(n) + u(n). Let c(f) = 1. Let t(r) = 4*c(r) - i(r). What are the prime factors of t(6)?
2
Suppose -3*x = -2*c - 2*c - 121, -3*c = -2*x + 82. What are the prime factors of x?
5, 7
Suppose 0*k + 2*k = 10. Suppose 3 - 63 = k*c. Let u = 29 + c. List the prime factors of u.
17
Let y = -523 - -819. List the prime factors of y.
2, 37
Suppose 2*j = 6*j - 140. Let b = 74 - j. List the prime factors of b.
3, 13
Let f(m) = -10 - 9 + 30*m + 20. List the prime factors of f(1).
31
Let z(r) be the first derivative of 11*r**3/3 + 3*r**2/2 - 2*r - 6. List the prime factors of z(1).
2, 3
Suppose 6*d + 20 = 2*d. Let o = 2 + d. Let l = o - -5. List the prime factors of l.
2
What are the prime factors of -3*(-17)/(-1)*-1?
3, 17
Suppose 3*u = 11 + 34. Let i = u - 9. What are the prime factors of -1 + i*3/6?
2
Let n(c) = c + 2 - 3 - 1. Let v be n(5). Suppose p + 0*p = v. What are the prime factors of p?
3
Let n be 1*(1 + 2 + 0). Let d(q) = 2*q - 3. Let h be d(4). Suppose -34 = -h*m + 4*a, -2 = -2*m - n*a + 30. List the prime factors of m.
2, 5
Let x be ((-6)/(-4))/((-1)/(-2)). Let s = x + 2. What are the prime factors of 1/(-2) - s/(-2)?
2
Let p(z) = z**3 - 5*z**2 - 2*z - 6. Let j be p(6). Let h be ((28/6)/7)/(1/(-6)). What are the prime factors of j/h*12/(-9)?
2, 3
Suppose 40 = 2*v + 5*b, b = -3*v - 0*b + 34. What are the prime factors of (-15)/6*(-24)/v?
2, 3
Let f = -19 + 48. List the prime factors of f.
29
Suppose 5*l + 10 = -8*q + 3*q, -2*q + 4 = 0. What are the prime factors of (-2)/4*22*l?
2, 11
Let f = -16 - -31. Let j = f + -5. What are the prime factors of j?
2, 5
Let x(m) = -11*m**3 + 2*m**2 + 2*m + 1. Suppose 0*j + 4 = -4*j. Let b be x(j). Let z = -6 + b. List the prime factors of z.
2, 3
Let n(k) = 3*k - 1. Let y be n(1). Suppose -6 + 2 = -y*j. Suppose -j*c - 23 = -3*a - 4, 5*a - 33 = 2*c. List the prime factors of a.
7
Suppose 5*m - 24 = -5*t + 21, -4*t = 3*m - 31. What are the prime factors of m?
5
Let n(p) = p**3 - 3*p**2 + 10*p + 12. List the prime factors of n(6).
2, 3, 5
Let u = 101 + -1. List the prime factors of u.
2, 5
Let u(j) = j + 5. Let l be u(-4). Let n be 2/(-2) + 3 - l. What are the prime factors of -1 - 13*(0 - n)?
2, 3
Suppose 2*b - 55 = 17. List the prime factors of b.
2, 3
Let x(m) = m**2 + m. List the prime factors of x(2).
2, 3
Let g be 2/(-2 - (-14)/8). What are the prime factors of ((-63)/14)/(2/g)?
2, 3
Let i(v) = 4*v**3 + 2*v**2 - 2*v - 5. Let c(d) = 9*d**3 + 3*d**2 - 5*d - 11. Let n(j) = -3*c(j) + 7*i(j). What are the prime factors of n(-4)?
2, 5
Let d = 1 - -2. Suppose d*j = 5*j - 54. What are the prime factors of j?
3
Let z(u) be the first derivative of u**2 + 2*u + 3. Let f be z(-4). Let a = f + 14. List the prime factors of a.
2
Suppose 2*c + l - 3*l + 2 = 0, -l = -5*c + 11. Suppose 7*p - 48 = c*p. What are the 